 first derivative of -b**4/4 - 4*b**3/3 - b**2/2 - b - 5. Let k be q(-4). Let j(w) = 2 + 7*w - 2*w**3 - 3*w - 3*w**2 + w**k. What is j(-3)?
-10
Let m(g) = 9*g**2 + 20*g - 10. Let y(f) = 5*f**2 + 13*f - 5. Let k(a) = -4*m(a) + 7*y(a). What is k(11)?
5
Suppose 0 = -2*n + 5*x + 51, 0*x + x + 44 = 3*n. Let i(h) = -6 + n - 2*h + 6*h**2 - h**3 - 3*h + 0*h. Let l = 28 - 23. Calculate i(l).
7
Let r(j) be the second derivative of 0 + 6*j - 1/2*j**2 - 2/3*j**3. Suppose 5*y = -20, -w + 17 + 0 = -5*y. Give r(w).
11
Let x(w) = -4*w**3 - 2*w - w**2 + 7*w**3 - 191 + 6*w**3 + 190. What is x(-1)?
-9
Let d(h) = -h**2 - 10*h + 38. Let s = 2134 + -2147. Give d(s).
-1
Let w be (-2 - -1 - -1) + 2. Let q(j) = 9*j**2 + 6*j + 4. Let u be q(-1). Let t(x) = -u*x**2 - 2*x + 0*x**2 + 11*x**2 + 2*x**3 - 4*x**3 - 2. Calculate t(w).
-6
Let w(l) = -l - 9. Let h(c) = c - 9*c - 38 + 39. Let k be h(1). What is w(k)?
-2
Let d(x) = 0 + 1 - 2 - x. Suppose m = -2 + 33. Let v = m - 27. Give d(v).
-5
Let u(h) = 1211 - 35*h - h**2 - 1214 + 31*h. Let g(l) = -l**2 + l. Let w be g(3). What is u(w)?
-15
Let x(j) = 2*j**2 + 2*j + 1. Let n be x(-1). Let d be 3 - (n - 10)/(-3). Let w(c) = -c + 7. What is w(d)?
7
Let a(l) = l**2 - 7*l + 8. Let d(r) = -2*r**2 + 14*r - 16. Let h(x) = 7*a(x) + 4*d(x). Suppose -3*t + 25 = 4. Determine h(t).
-8
Suppose 13 - 16 = s. Let c = 15 + s. Suppose -3*y = -y - c. Let u(w) = w - 3. Give u(y).
3
Suppose 5 = -0*s - s, 34 = -4*v - 2*s. Let g(k) = -4*k + 1. Let p be 144/(-27) - (-1)/3. Let u(r) = 3*r - 1. Let a(y) = p*u(y) - 4*g(y). Give a(v).
-5
Let t(p) = -p**3 - 7*p**2 - 5*p - 2. Suppose -20*w = -2*z - 25*w + 10, -12 = -3*w. What is t(z)?
-27
Let m be -7 + 24/3 - 8. Let c(t) = -t**3 - 8*t**2 - 7*t + 4. Give c(m).
4
Let i(w) = -w**2 - 2*w + 8. Let n = 151 - 156. Determine i(n).
-7
Let o(q) = -q**3 + 6*q**2 - 7*q + 2. Suppose -7 = -2*g - 4*v - 5, 3*v + 16 = 2*g. What is o(g)?
-8
Let z = -325 + 328. Let b(y) be the third derivative of -6*y**2 + 5/12*y**4 + 0*y + 0 + 1/2*y**z. What is b(-2)?
-17
Let x(j) be the first derivative of j**2 + 4*j + 62. Calculate x(9).
22
Let c = -1349 + 1361. Let x(a) = 2*a - 11. Calculate x(c).
13
Let r(j) = -j + 1. Let a(m) = -17 - 14 - 3*m + 39. Let c(b) = a(b) - 5*r(b). What is c(-6)?
-9
Let m(s) = 4*s + 10. Let v(a) = -a + 2. Let b(x) = -m(x) + 4*v(x). Determine b(-5).
38
Let t(w) be the second derivative of -w**4/12 - 2*w**2 - 2*w + 63. Let m(p) = p**2 - p - 3. Let h be m(3). Determine t(h).
-13
Let u(d) be the second derivative of -8*d + 1/2*d**2 + 0 + 1/6*d**3. What is u(5)?
6
Let v be -2 + 0/(0 - -3). Let u = -12 + 15. Let y(n) = -7 + u*n + 9 - 2*n. Calculate y(v).
0
Let i(q) = -12*q - 1. Suppose 124*c = 126*c + 6. Calculate i(c).
35
Let g(o) = -10 - 13 + 17 - 7 - 4*o + 33. Calculate g(6).
-4
Let v(u) = 3*u**3 - 3*u**2 - 4*u - 14. Suppose -3*r = 5*b + 32, 2*r - 8 = -3*b + 7*b. Let i(y) = y**3 - y**2 - y - 1. Let s(w) = r*i(w) + v(w). Calculate s(0).
-10
Suppose -3*w + w = -3*a - 16, -3*w + 13 = a. Suppose 7 = -6*c + w*c. Let u(q) = q**3 + 6*q**2 - 7*q + 4. Determine u(c).
4
Let u(l) be the second derivative of l**4/12 + 4*l**3 + 27*l**2/2 + l + 76. Calculate u(-23).
4
Let c(f) = -f**2 - 8*f - 7. Let b = -55 + 65. Suppose 31 = b*y + 91. Determine c(y).
5
Let x(m) be the first derivative of -m**3/3 + 4*m**2 - 9*m - 1. Let a(f) = f**2 + 6*f - 48. Let b be a(-11). What is x(b)?
-2
Let n be (-45)/10*-2*3/9. Let z(s) = n - s**3 + 0*s**3 + 2*s - 5 - 2*s**2. Calculate z(-3).
1
Let z(o) be the third derivative of 0*o - 7/6*o**3 + 1/8*o**4 - 11*o**2 - 2. What is z(-6)?
-25
Suppose 0 = 18*w - 3356 - 19774. Let q(b) = 1291*b - 2 + 0*b**2 - w*b + b**2. Calculate q(-8).
14
Let c(a) be the third derivative of 0 + 0*a + 0*a**3 - 1/8*a**4 + 1/60*a**5 + 4*a**2. Let w = 34 - 31. Calculate c(w).
0
Let a = 240 + -235. Let t(y) = y - 10. Determine t(a).
-5
Let o(h) = -h**3 + 5*h - 6. Let p = 13 + -13. What is o(p)?
-6
Let l(j) be the third derivative of -5*j**4/24 + j**3/3 + 228*j**2. What is l(1)?
-3
Let q(y) = y**2 - 8*y - 3. Suppose 0 = 6*x - 7 - 47. What is q(x)?
6
Let s(n) = -3*n - 3. Let a(u) = -u + 14. Let t be a(16). Let x be t/(-7) + (-1374)/(-42). Let h be x/44 + 19/(-4). Give s(h).
9
Let q(c) = 4*c**3 + 5*c**2 + 6*c. Suppose a - 3*a = 0. Let u = a - -5. Let t(n) = 3*n**3 + 6*n**2 + 7*n. Let v(z) = u*t(z) - 6*q(z). Calculate v(1).
-10
Let z(n) = -27*n**2 + 40*n + 28. Let i(k) = -5*k**2 + 8*k + 6. Let r(y) = -11*i(y) + 2*z(y). Suppose 13 = -5*a + 58. What is r(a)?
-1
Let h(r) = -3 - 3*r - 3*r + 5*r. Suppose -4*x - 8 = 2*u + 2, -2*x = -3*u + 25. Suppose 6 = u*y + 21. Calculate h(y).
0
Let l(j) = j**3 - 4*j**2 - 8*j + 17. Let c(v) = -v**3 - v**2 - 6. Let s(z) = -2*c(z) - l(z). What is s(-4)?
-5
Let a(n) = -n**2 - 2*n + 1. Let g(u) = 3*u**2 + 26*u + 7. Let q(m) = 4*a(m) + g(m). Calculate q(19).
-8
Let a(n) be the first derivative of -9 + n + 1/3*n**3 + 7/2*n**2. Calculate a(-6).
-5
Let k(j) = 2*j**2 + j. Let n be (-1*(-270)/12)/(9/(-12)). Suppose s + 0*s + 31 = 0. Let h = n - s. Determine k(h).
3
Let t(a) be the second derivative of a**4/12 - a**3/2 - a**2 + 19*a - 26. Let g = 7 - 4. Suppose -8 = -7*x + g*x. What is t(x)?
-4
Let g(v) = -v - 8. Let l(b) = -21*b - 105. Let c be l(-5). Calculate g(c).
-8
Let j(m) be the second derivative of m**4/12 + m**3/6 + 3*m**2/2 - 22*m - 9. Calculate j(-2).
5
Let k(x) be the third derivative of x**6/120 + x**5/60 - x**3/3 + 5*x**2 - 2*x. Calculate k(2).
10
Suppose 60*o = 56*o - i + 9, i + 23 = 4*o. Let r(q) = 4*q + q - q**2 - 2*q. What is r(o)?
-4
Let x = 6 - 11. Let u be 3/(-2) + 1*78/12. Let n(m) = -246*m**2 + 247*m**2 + 2*m - 1 + m - u. What is n(x)?
4
Let x(u) = 4*u + 1. Let r(y) = -4*y - 1. Suppose 16*m + 18 = -78. Let d(b) = m*x(b) - 4*r(b). Let i be 0 + -1 + 1*-1. What is d(i)?
14
Let s(x) = x**3 + 11*x**2 - 2*x + 14. Let b(g) = -2*g**3 - 22*g**2 + 3*g - 28. Let k(t) = -3*b(t) - 5*s(t). Give k(-11).
3
Let q(r) = -r**3 - 11*r**2 + 12*r + 1. Suppose -25*g + 26*g = -12. Calculate q(g).
1
Let v(b) = -5*b - 4 + 2 + 3. Give v(2).
-9
Let r(g) be the third derivative of -g**5/60 - g**4/6 + 61*g**2. Let i(k) = -k**3 + k**2 + 3*k + 5. Let a be i(3). Determine r(a).
0
Let x(a) be the first derivative of -a**2/2 - 7*a - 68. Calculate x(-14).
7
Let h(v) = 1 + 6*v - 15*v + v**2 + 6*v + 5. Suppose 0 = -0*w + 3*w + 4*l - 20, -2*l = w - 8. Determine h(w).
10
Let a(u) = u - 5 + 9 + 3 + 15 + 3. Calculate a(-13).
12
Let f(u) = -u**2 - 3*u + 4. Let s(i) = i**2 - 9*i + 14. Let h be s(6). Give f(h).
0
Let l(i) = -6*i**2 - i - 1. Suppose 8*z - 133 = z. Suppose z = -4*c - 5*s, 3*c + 2*c + 2*s + 11 = 0. Give l(c).
-6
Let k(p) be the first derivative of -p**4/4 - 8*p**3/3 - 9*p**2/2 + p + 3. Let u(j) = -8*j**3 + 7*j - 6. Let s be u(1). What is k(s)?
15
Let t be (-1)/(2/(-42)*(3 + 0)). Let x(d) = -2*d + 9. Determine x(t).
-5
Suppose -13*y = 63 + 28. Let a(k) = -3*k - 6. Give a(y).
15
Let d(g) be the second derivative of -g**5/20 + 13*g**4/12 + g**3/6 - 19*g**2/2 + 4*g - 17. Calculate d(13).
-6
Let z(s) = -s**2 + s + 2. Let q(d) = -d**3 - d**2 + 5*d + 2. Let w be q(-3). Let a be w/(-15)*(-3 + 9). What is z(a)?
-4
Let f(x) = -x**2 - 11*x - 6. Let l(r) = r**3 - 5*r**2 - 5*r + 16. Let o be l(5). What is f(o)?
12
Let c(s) be the second derivative of -12*s + 1/2*s**2 + s**3 + 0. What is c(1)?
7
Let h(i) = i**3 - 12*i**2 + 4*i - 12. Let o(w) = -w**2 - w - 1. Let t(u) = -h(u) + 4*o(u). Determine t(6).
32
Let m(u) = -u + 3*u**3 - 704 + 6*u**2 - 2*u + 705. What is m(-3)?
-17
Let v(p) be the second derivative of p**4/12 + p**3/6 - p**2 - 3*p + 4. Let s be (-2 - -1)/(2/14). Let i = s - -5. Give v(i).
0
Suppose x - 3*j - j = -6, 0 = -x + 5*j - 8. Let w(a) = -3*a**x + 6*a - a**3 + 5 + 9*a**2 - 10*a**2. Let b = 2 + -7. Give w(b).
0
Let j(l) = -l + 1. Let n(o) = o**3 - 5*o**2 - o + 3. Let a be (-1)/((-4)/(-6)*(-3)/10). Let r(q) = a*j(q) - n(q). Suppose 0 = 5*k - 8 - 12. Give r(k).
2
Let s(x) be the second derivative of -x**4/12 + 3*x**3/2 + 5*x**2/2 - 32*x - 3. Calculate s(8).
13
Let z be 225/90*(0 + 12/(-10)). Let c(b) = 5*b + 20. What is c(z)?
5
Suppose 4*u = -0*o + o + 50, -u - 2*o = -17. Let t = 6 - u. Let n(y) = -y - 9. Calculate n(t).
-2
Let a(i) = -1 - 629*i**2 - 4*i + 6*i + 614*i**2. Determine a(1).
-14
Let a(u) = u**3 - 3*u**2 +